r?
False
Let s = 47040 + -19939. Is s a prime number?
False
Suppose 120632 = 7*a + 31431. Is a composite?
False
Suppose -t + 2*o = 3 + 2, -4*o + 35 = 3*t. Suppose 2428 = t*d + 3. Is d composite?
True
Is (50/20)/(2/9892) a prime number?
False
Suppose -4*l + 4*s - 12 = 8, l - 25 = -5*s. Let c be -2*((-372)/(-8) - l). Let m = 140 + c. Is m composite?
False
Suppose -5*d + 1 = -14, -3*l + 78264 = 5*d. Is l composite?
False
Let q(f) = -f**3 + 17*f**2 - 1. Let k be q(17). Is (5/15*3)/(k/(-419)) a composite number?
False
Let b = 29 - 26. Suppose 0 = -4*v - b*d - 1, 6 = -4*v + v - 4*d. Suppose -v*f = 137 - 447. Is f prime?
False
Let w = 5 - 11. Is w/2 - 42/(-7) - -140 a prime number?
False
Let u(f) be the second derivative of 2*f**3/3 + f**2/2 - f + 34. Suppose 11 = 4*g - 2*x - 15, 3*g - x - 22 = 0. Is u(g) composite?
False
Let j(m) = 17*m**3 + 9*m**2 - 5*m + 13. Is j(10) a composite number?
False
Let b be (-5)/((-15)/(-1)) - (-7)/3. Suppose -x + 1487 = b*u, 0*u + 2*x = -2*u + 1488. Is u a composite number?
False
Let y be (2 - 1)/(14/42). Suppose 0 = -6*h + y*h + 6. Is (-932 - h)*1/(-2) a composite number?
False
Suppose 4*o + 2*d - 11692 = 0, -3*d = -4*o - 0*d + 11692. Is o composite?
True
Let g = 42 + -36. Suppose -1523 - 4135 = -g*q. Is q composite?
True
Let s(f) be the first derivative of f**4/4 - 7*f**3 + f**2 - 17*f + 25. Is s(22) a composite number?
True
Suppose 0 = -3*x + 3*y + 3, 0 = 3*x - 3*y - 2*y + 1. Is 4/6 + 336/27*x a composite number?
True
Let f = 19155 + -11354. Is f prime?
False
Suppose 0 = -a + 4*j + 5009, 29*a + 3*j + 15045 = 32*a. Is a a composite number?
True
Let f be (-2 + 11)/3 - -9*1953. Suppose 0 = 17*j - 5*j - f. Is j a prime number?
False
Let t(m) = 3*m - 123. Let c be t(0). Let i = 36 - c. Is i prime?
False
Let z = -41 + 45. Let i be -1 + -1 - (-2 + 0). Suppose -6*y = z*q - y - 1077, i = 4*y - 20. Is q prime?
True
Suppose 0 = -4*i + 3*i - 7. Let t(l) = -13*l + 24. Is t(i) composite?
True
Let v = -1375 - -3259. Suppose -10*j = -10034 + v. Is j a prime number?
False
Let s(f) = -122*f**2 + 2*f + 5. Let c be s(3). Let a = -1975 - c. Let x = -551 - a. Is x a composite number?
False
Let o(w) = w**2 - 9*w - 7. Let g be o(10). Suppose -g*t + 5*t - 4 = 0. Is t + (-1*185)/(-1) composite?
True
Suppose 0 = n + 5*v + 10, 3*v + 2 = 2*v. Let s be 3 + (-4 - n - -3). Is (-2)/s*(-2942)/2 a prime number?
True
Suppose l = -0*l + 4*s + 7069, -3*l + 21174 = -s. Is l a composite number?
False
Let q = -850 + 1708. Suppose -4*n + 5*t - q = -8*n, -4*t = 8. Is n a prime number?
False
Let m(r) = 2*r + 28. Suppose 2*o - a = -23, -3*o - 34 - 5 = 3*a. Let s be m(o). Suppose -d - 464 = -s*c + 3*d, -d + 5 = 0. Is c a composite number?
True
Let v = 172881 - 57898. Is v a prime number?
False
Let r(w) = 2*w**2 + 8*w - 14. Let j be r(-8). Let a = -177 + 262. Let h = a - j. Is h a prime number?
False
Suppose 12*v = 16*v - 20. Suppose v*o + 27 = 4*y, 3*o = -2*y + 1 - 4. Suppose -y*i + 693 = 5*l - 216, 2*i = 2*l + 590. Is i composite?
True
Let r(y) be the third derivative of 7*y**4/2 + y**3/6 - y**2. Suppose 5*t - 19 = 2*g, 0*g - 2*g - 4 = -2*t. Is r(g) a prime number?
False
Suppose 5*z + 0 = -l + 147, 0 = -5*z - 5*l + 135. Let p be (2 - 1) + z/15. Suppose 4*y - 1496 = p*r - 7*r, -2*y = -5*r + 1863. Is r prime?
True
Let q(j) = -j**3 + 4*j**2 + j - 2. Let t be q(4). Let g = t - 10. Let i(c) = 3*c**2 + 3*c - 7. Is i(g) a composite number?
True
Let c(g) = -g**3 - 4*g**2 + 5. Let s be c(-4). Suppose -2*j + 4*o + 2254 = 0, -5*j - s*o = -7208 + 1513. Is j prime?
False
Is 4 + (5524 - -10 - 7) prime?
True
Is 482609/138 + (-1)/6 a composite number?
True
Let q = 33 - 29. Suppose -545 = -q*d + 107. Is d composite?
False
Let t = 2428 + -1487. Is t a composite number?
False
Let g(i) = 78*i**2 + i + 12. Let q(d) = -155*d**2 - 2*d - 23. Let m(a) = -5*g(a) - 3*q(a). Is m(4) a composite number?
False
Suppose 0 = 5*v, -p + 5*v = 4 - 71. Let q = 12 + -26. Let a = p + q. Is a a prime number?
True
Let p(y) = y - 11. Let m be p(11). Suppose 3*a = 8*a + g - 1050, 2*g + 10 = m. Is a a composite number?
False
Suppose 162 = -4*x + 30. Let u be 4*(3 + x/6). Is (-21)/35 + (-516)/u a composite number?
True
Let y be (-1 - -3)*(-98141)/(-23). Suppose 3760 = 9*k - y. Is k a prime number?
False
Suppose -31391 - 1423 = -18*y. Is y composite?
False
Suppose -5*b = 4*k - 1462, 5*b - b = -2*k + 1172. Let v = b + -61. Is v prime?
True
Suppose 198 = 4*w - 2. Let h be 2/(-2) + 37 + 0. Let g = w - h. Is g a prime number?
False
Let b be 367/(3*5/(-45)). Let q = 4556 + b. Is q prime?
False
Let n = 160 + -152. Is (62/(-3))/(n/(-12)) a prime number?
True
Let t be (-12)/(-3)*1/1. Let b = 0 - t. Is (b/(-3) + 1)*33 a composite number?
True
Let x = 12454 + -5151. Is x prime?
False
Suppose -12 = -4*b - 4*w, -b + 2*w + 12 = -6. Suppose -5924 = 4*o - b*o. Is o prime?
True
Suppose 3*c - 18 = 6. Is (2 - 1014/c)/((-4)/16) prime?
True
Let g(i) = 3*i**3 + 52*i**2 + 2*i - 63. Is g(-16) composite?
False
Let h = 50 - 141. Let m = h - -180. Is m composite?
False
Let n(s) = 178*s**2 + 5*s - 7. Is n(4) a prime number?
True
Suppose -3*m = -0*m + g - 12, -3*g = 4*m - 21. Suppose 3*u + 13 = 2*o, -m*o - 4*u = -2*o - 1. Suppose o*s - 9*s = -1484. Is s a prime number?
False
Let g be (-8)/(-12)*15450/4. Suppose 3*w - g = -2*w. Is w composite?
True
Is (-50)/(-20)*(-12)/(-10) a prime number?
True
Suppose -5*s + 22208 = -44627. Is s a prime number?
True
Let b(j) = j**2 - 7*j - 3. Let y be b(7). Let p = -47 + 41. Is (y/p)/(5/1610) composite?
True
Suppose -5*w - 43 = -23. Let f(n) = -222*n + 55. Is f(w) prime?
False
Is (0 + 1498)*3/6 prime?
False
Suppose -10*r + 8416 = 6*r. Let j = 1 + r. Is j composite?
True
Suppose -8*c + 5*c - 33 = 0. Let w = c + 138. Is w prime?
True
Let p = -45 - -42. Is ((-1190)/42)/(1/p) a prime number?
False
Suppose 82143 = 5*g + 2*f, 52*f = 3*g + 50*f - 49289. Is g composite?
True
Let c(u) = -5*u**2 + u + 10. Let m(l) = 6*l**2 - 11. Let v(n) = -4*c(n) - 3*m(n). Let h be v(-16). Let t = -122 + h. Is t composite?
True
Suppose -2 = -4*i - 5*k + 14, -2*i = -4*k + 18. Is -3 - -6 - i - -685 a composite number?
True
Let t be ((-148)/(-5))/(2/10). Let d = t - 82. Suppose 0*w - 3*w - d = -2*q, -q + 4*w + 33 = 0. Is q composite?
True
Is (-84)/8*(-25836)/18 a prime number?
False
Let d be (-3)/(-12) - (-19)/4. Suppose 0 = 4*z - 2*m - 266, 4*m + 333 = d*z + m. Let k = z - 29. Is k composite?
False
Suppose 15740 = 3*f - 2*c, 0 = 2*f + c - 3583 - 6901. Suppose 3*n - b - f = 0, -3*n - 5*b - 1299 + 6525 = 0. Is n composite?
False
Suppose 3772 = 3*g - 4*h - 3195, 5*h = -20. Is g a composite number?
True
Suppose 20*i - 17*i = 15. Suppose 2*y + 879 = i*y. Is y composite?
False
Let r be (7/(-21))/(1/(-21)). Let v be r + (4 + -2)/(-1). Suppose -844 = -v*p - 49. Is p a composite number?
True
Suppose q = 3*a - 234 + 2702, 5*a + 25 = 0. Is q composite?
True
Suppose 16*y = 14*y + 4894. Is y prime?
True
Let r be (-105)/14*(-2838)/5. Suppose r = 5*k + 4*q, 3*k - 5*k + 2*q = -1710. Is k a composite number?
False
Let f(r) = -r**3 + 46*r**2 + 94*r + 76. Is f(43) composite?
True
Let n(w) = 12*w + 1. Let m(d) = -4*d**3 - d. Let o be m(-1). Suppose -40 = -8*q + 3*q - o*g, 3*q = 3*g - 6. Is n(q) a composite number?
False
Let z = -152 - 88. Let a(k) = 270*k + 1. Let q be a(2). Let b = q + z. Is b prime?
False
Is (12/(-16)*3)/((-12)/92464) a prime number?
False
Let n(x) = -335*x + 18. Let l = -86 - -81. Is n(l) a composite number?
False
Let j = 4753 + -2574. Is j prime?
True
Let f be -1 + (-1)/((15/(-1359))/(-5)). Let c = -267 - f. Is c composite?
True
Suppose -2*s - s + 201 = 0. Let n be 2*2 + 33/(-5 + 4). Let j = n + s. Is j prime?
False
Let o(m) be the first derivative of 3*m**3 - 2*m**2 - m - 1. Suppose 0 = 7*u - 8*u + 4. Is o(u) prime?
True
Let a = 35 - 33. Suppose -a*z = -b - 49, 2*z + 7*b = 3*b + 24. Is z a composite number?
True
Let q be -83 - 2 - (1 - -2 - 2). Is q/(-2 + (-3 - -4)) composite?
True
Suppose 5*b - 15 = -2*h + 5, -h = 4*b - 13. Let n(i) be the first derivative of 149*i**2/2 + 2. Is n(h) prime?
False
Suppose 0 = 5*a - 2*y - 93857, 2*a - 2*y + 7*y = 37566. Is a composite?
False
Let o(l) = -2*l**2 - l - 1. Let k be o(-1). Let x be k/3*21/2. Let c = -1 - x. Is c prime?
False
Let b(c) = 5480*c**2. Let s be b(1). Suppose 2*n + 3